
13
What is the remainder when 5759592 is divided by 81?
6
Calculate the remainder when 1893835 is divided by 1406.
1359
Calculate the remainder when 3128326 is divided by 29.
9
Calculate the remainder when 699793 is divided by 8.
1
What is the remainder when 319303 is divided by 112?
103
What is the remainder when 499278439 is divided by 19?
11
What is the remainder when 8383181 is divided by 660?
521
Calculate the remainder when 41241 is divided by 17183.
6875
What is the remainder when 150520 is divided by 149938?
582
Calculate the remainder when 117227 is divided by 314.
105
Calculate the remainder when 4290657 is divided by 429060.
57
Calculate the remainder when 115163 is divided by 874.
669
What is the remainder when 42304612 is divided by 164?
156
What is the remainder when 21522018 is divided by 487?
27
What is the remainder when 74985657 is divided by 24995211?
24
Calculate the remainder when 660240 is divided by 130.
100
What is the remainder when 66659790 is divided by 196?
190
Calculate the remainder when 1811009 is divided by 969.
917
What is the remainder when 1112660 is divided by 65450?
10
Calculate the remainder when 90956 is divided by 3828.
2912
What is the remainder when 2006360 is divided by 1793?
1786
Calculate the remainder when 50650 is divided by 25261.
128
What is the remainder when 276961 is divided by 21303?
22
What is the remainder when 349197117 is divided by 4440?
4437
What is the remainder when 66431436 is divided by 1953865?
26
Calculate the remainder when 272529 is divided by 2386.
525
What is the remainder when 19916 is divided by 14?
8
Calculate the remainder when 23753399 is divided by 1320.
1319
What is the remainder when 7446020 is divided by 34?
20
What is the remainder when 807588 is divided by 15530?
28
Calculate the remainder when 1326586 is divided by 6067.
3980
Calculate the remainder when 4931468 is divided by 308213.
60
What is the remainder when 345645 is divided by 471?
402
What is the remainder when 101361832 is divided by 12670228?
8
What is the remainder when 29819 is divided by 1117?
777
What is the remainder when 11140736 is divided by 5570362?
12
Calculate the remainder when 564216 is divided by 51287.
59
Calculate the remainder when 13029974 is divided by 2753.
25
What is the remainder when 132709630 is divided by 1104?
1102
What is the remainder when 769244 is divided by 297?
14
Calculate the remainder when 15813 is divided by 3651.
1209
What is the remainder when 1711016 is divided by 24?
8
Calculate the remainder when 43926713 is divided by 36.
17
What is the remainder when 4345 is divided by 1194?
763
Calculate the remainder when 101617 is divided by 47.
3
Calculate the remainder when 469719 is divided by 14229.
162
What is the remainder when 9581333 is divided by 362?
279
Calculate the remainder when 584533 is divided by 145426.
2829
Calculate the remainder when 3449605 is divided by 383289.
4
What is the remainder when 160607 is divided by 1785?
1742
Calculate the remainder when 76017 is divided by 1585.
1522
What is the remainder when 1648693 is divided by 483?
214
What is the remainder when 117904940 is divided by 363?
362
What is the remainder when 92410 is divided by 2182?
766
Calculate the remainder when 55380059 is divided by 16.
11
What is the remainder when 827766 is divided by 129?
102
What is the remainder when 414568 is divided by 62?
36
Calculate the remainder when 72478 is divided by 1509.
46
Calculate the remainder when 2575 is divided by 517.
507
What is the remainder when 1285845 is divided by 53?
12
What is the remainder when 14056969 is divided by 386?
7
Calculate the remainder when 23335 is divided by 1981.
1544
Calculate the remainder when 2768264 is divided by 106432.
1032
Calculate the remainder when 5261062 is divided by 17595.
157
Calculate the remainder when 2927437 is divided by 43.
40
What is the remainder when 206547344 is divided by 42?
38
Calculate the remainder when 522757 is divided by 68.
41
Calculate the remainder when 466302272 is divided by 759.
755
What is the remainder when 27492 is divided by 285?
132
Calculate the remainder when 954204 is divided by 318059.
27
Calculate the remainder when 76654825 is divided by 42.
37
What is the remainder when 4662051 is divided by 1165298?
859
What is the remainder when 8288400 is divided by 21090?
30
Calculate the remainder when 376693 is divided by 5604.
1225
Calculate the remainder when 211092 is divided by 1868.
8
Calculate the remainder when 7921218 is divided by 2640383.
69
Calculate the remainder when 300617896 is divided by 20.
16
Calculate the remainder when 61671 is divided by 487.
309
What is the remainder when 3680876 is divided by 525821?
129
What is the remainder when 36487060 is divided by 207?
205
Calculate the remainder when 877074 is divided by 877063.
11
Calculate the remainder when 476374 is divided by 94.
76
Calculate the remainder when 1817920 is divided by 12802.
36
Calculate the remainder when 25780925 is divided by 3682989.
2
Calculate the remainder when 809360 is divided by 2.
0
What is the remainder when 3053793 is divided by 27266?
1
What is the remainder when 1198919 is divided by 783?
146
Calculate the remainder when 111648 is divided by 11162.
28
Calculate the remainder when 68127 is divided by 7566.
33
What is the remainder when 17141467 is divided by 1666?
1659
What is the remainder when 269093 is divided by 11622?
1787
What is the remainder when 752570 is divided by 752561?
9
Calculate the remainder when 493419 is divided by 689.
95
What is the remainder when 378479 is divided by 1850?
1079
Calculate the remainder when 352338 is divided by 44041.
10
What is the remainder when 15455548 is divided by 1045?
1043
Calculate the remainder when 5780959 is divided by 577.
573
Calculate the remainder when 28891011 is divided by 521.
519
What is the remainder when 62671 is divided by 177?
13
Calculate the remainder when 481007 is divided by 2601.
2423
Calculate the remainder when 1318578 is divided by 1728.
114
What is the remainder when 35211 is divided by 11734?
9
What is the remainder when 32856 is divided by 8211?
12
What is the remainder when 172246 is divided by 920?
206
What is the remainder when 1004612 is divided by 334866?
14
What is the remainder when 37879033 is divided by 45094?
73
What is the remainder when 1680938 is divided by 1680840?
98
What is the remainder when 942622 is divided by 4405?
4357
Calculate the remainder when 114443 is divided by 420.
203
Calculate the remainder when 1996870 is divided by 121.
7
What is the remainder when 229295926 is divided by 317?
316
What is the remainder when 271611 is divided by 59?
34
What is the remainder when 32415465 is divided by 16709?
5
What is the remainder when 547857 is divided by 930?
87
What is the remainder when 5254 is divided by 609?
382
What is the remainder when 1709500 is divided by 198?
166
Calculate the remainder when 154680 is divided by 9394.
4376
Calculate the remainder when 3007003 is divided by 1002319.
46
Calculate the remainder when 1006120 is divided by 2509.
11
What is the remainder when 8136028 is divided by 54240?
28
Calculate the remainder when 92073349 is divided by 262.
261
What is the remainder when 157600 is divided by 52426?
322
What is the remainder when 18973467 is divided by 795?
792
What is the remainder when 61988 is divided by 61398?
590
What is the remainder when 982134338 is divided by 20?
18
Calculate the remainder when 198546 is divided by 1420.
1166
Calculate the remainder when 42209 is divided by 624.
401
What is the remainder when 1648750 is divided by 7396?
6838
What is the remainder when 61375 is divided by 20286?
517
What is the remainder when 1322083 is divided by 204?
163
Calculate the remainder when 518425 is divided by 41.
21
Calculate the remainder when 60200991 is divided by 37.
30
Calculate the remainder when 3154671 is divided by 185.
51
What is the remainder when 146847 is divided by 8638?
1
Calculate the remainder when 247377 is divided by 59.
49
What is the remainder when 904569 is divided by 72?
33
Calculate the remainder when 57512620 is divided by 71.
64
Calculate the remainder when 15558893 is divided by 339.
149
Calculate the remainder when 5973885 is divid